{"id":1594,"date":"2023-06-05T01:39:06","date_gmt":"2023-06-04T23:39:06","guid":{"rendered":"https:\/\/docu-legal.de\/?page_id=1594"},"modified":"2023-06-05T01:39:07","modified_gmt":"2023-06-04T23:39:07","slug":"allgemeine-geschaeftsbedingungen","status":"publish","type":"page","link":"https:\/\/docu-legal.de\/index.php\/allgemeine-geschaeftsbedingungen\/","title":{"rendered":"Allgemeine Gesch\u00e4ftsbedingungen"},"content":{"rendered":"\n<h4 class=\"wp-block-heading\">\u00a7 1 Geltung<\/h4>\n\n\n\n<p>Die Leistungen die Firma DOCU-LEGAL erfolgen nur zu den nachfolgenden &#8220;Allgemeinen Gesch\u00e4ftsbedingungen&#8221; und werden durch Auftragserteilung an die DOCU-LEGAL anerkannt. Andere allgemeine Gesch\u00e4ftsbedingungen werden nicht Vertragsinhalt, auch wenn wir Ihnen nicht ausdr\u00fccklich widersprechen. Diese Gesch\u00e4ftsbedingungen gelten, selbst wenn auf sie nicht nochmals Bezug genommen wird, auch f\u00fcr alle k\u00fcnftigen Gesch\u00e4ftsbeziehungen mit DOCU-LEGAL. M\u00fcndliche Zusagen bed\u00fcrfen der schriftlichen Best\u00e4tigung.<\/p>\n\n\n\n<h4 class=\"wp-block-heading\">\u00a7 2 Leistungsumfang<\/h4>\n\n\n\n<p>Die von DOCU-LEGAL zu erbringende Serviceleistung umfasst die Bearbeitung und Einreichung von Dokumenten und Urkunden, die Abholung derer bei den ausl\u00e4ndischen Vertretungen sowie die R\u00fccksendung an den Auftraggeber. Der Versand erfolgt grunds\u00e4tzlich in registrierter Form (Einschreiben, Nachnahme oder Kurierdienst). Falls der Auftraggeber keine andere Versandform bestimmt, wird der f\u00fcr die Sicherheit am besten erscheinende Kurierdienst von DOCU-LEGAL beauftragt. Der Auftraggeber kann davon abweichend, schriftlich eine andere Versandart verlangen. DOCU-LEGAL ist berechtigt, im Einzelfall die Ausf\u00fchrung des Auftrages ganz oder teilweise auf Dritte zu \u00fcbertragen. Dar\u00fcber hinausgehende Sonderleistungen sind im Einzelfall in schriftlicher Form gesondert zu vereinbaren. Ein Vertrag mit DOCU-LEGAL kommt nur dann zustande, wenn der Auftrag ausdr\u00fccklich angenommen worden ist. DOCU-LEGAL beh\u00e4lt sich vor, Auftr\u00e4ge auch ohne Begr\u00fcndung abzulehnen.<\/p>\n\n\n\n<h4 class=\"wp-block-heading\">\u00a7 3 Verg\u00fctung und Zahlungen<\/h4>\n\n\n\n<p>DOCU-LEGAL steht gegen den Auftraggeber ein Anspruch auf Verg\u00fctung der von ihr ausgef\u00fchrten Auftr\u00e4ge zu. Die H\u00f6he der Verg\u00fctung bemisst sich nach den zwischen DOCU-LEGAL und dem Auftraggeber vereinbarten Preisen. S\u00e4mtliche Preise verstehen sich inklusive Umsatzsteuer in der jeweiligen gesetzlichen H\u00f6he. Die Verg\u00fctung, sowie die von DOCU-LEGAL zu verauslagenden GHORFA- und Konsulatsgeb\u00fchren, sind &#8211; soweit nicht anders vereinbart &#8211; sp\u00e4testens mit der Auftragserteilung an DOCU-LEGAL zu zahlen. Eine Zahlung des Auftraggebers gilt erst dann als erfolgt, wenn DOCU-LEGAL \u00fcber den Betrag verf\u00fcgen kann. Zur Aufrechnung oder zur R\u00fcckbehaltung gegen Anspr\u00fcche von DOCU-LEGAL ist der Auftraggeber nur dann berechtigt, wenn die Gegenanspr\u00fcche rechtskr\u00e4ftig festgestellt wurden oder unstreitig sind. Ein Zur\u00fcckbehaltungsrecht kann der Auftraggeber nur geltend machen, soweit es aus Anspr\u00fcchen aus demselben Auftrag beruht. Im Falle des Verzuges des Auftraggebers ist DOCU-LEGAL berechtigt, Verzugszinsen i.&nbsp;H.&nbsp;v.&nbsp;8&nbsp;% \u00fcber dem jeweiligen Diskontsatz der Deutschen Bundesbank zu verlangen. Die Geltendmachung eines h\u00f6heren und nachzuweisenden Verzugsschadens bleibt vorbehalten.<\/p>\n\n\n\n<h4 class=\"wp-block-heading\">\u00a7 4 Haftung<\/h4>\n\n\n\n<p>Die Dokumente und Urkunden, sind grunds\u00e4tzlich in registrierter Form per Einschreiben oder mit Kurier an DOCU-LEGAL zu senden. DOCU-LEGAL haftet bei Verlust der Dokumente und Urkunden, au\u00dfer bei Verlust auf dem Versandweg zum Auftraggeber und zum Konsulat, nur f\u00fcr die Kosten der Wiederbeschaffung bis maximal 100 Euro, es sei denn, DOCU-LEGAL kann grobe Fahrl\u00e4ssigkeit oder Vorsatz nachgewiesen werden. In diesem Fall haftet DOCU-LEGAL bis zu maximal 1.000 Euro der nachgewiesenen Kosten. Bei Verlust der Dokumente und Urkunden in einem Konsulat w\u00e4hrend der Bearbeitung haftet DOCU-LEGAL nicht. Da die Entscheidung \u00fcber die Legalisierung und Bearbeitung von Dokumenten und Urkunden ausschlie\u00dflich bei den zust\u00e4ndigen Missionen und Konsulaten liegt, kann f\u00fcr die Ablehnung eines von der DOCU-LEGAL vermittelten Auftrages keine Haftung \u00fcbernommen werden. Gleichfalls wird keine Haftung f\u00fcr erteilte Ausk\u00fcnfte \u00fcbernommen. F\u00fcr Fehler der Konsulate haftet DOCU-LEGAL nicht. Laufzeitangaben (Bearbeitungszeit im Konsulat) sind grunds\u00e4tzlich ohne rechtliche Gew\u00e4hr. F\u00fcr entgangene Gewinne wird nicht gehaftet. Weitergehende Anspr\u00fcche, gleich aus welchem Rechtsgrunde, sind ausgeschlossen.<\/p>\n\n\n\n<h4 class=\"wp-block-heading\">\u00a7 5 Stornierung<\/h4>\n\n\n\n<p>Die Stornierung eines der DOCU-LEGAL erteilten Auftrages ist jederzeit durch schriftliche Erkl\u00e4rung gegen\u00fcber DOCU-LEGAL m\u00f6glich. In diesem Fall werden dem Kunden die bis zu dem Zeitpunkt des Zugangs der Erkl\u00e4rung entstandenen Kosten und anteiligen Entgelte sowie der R\u00fcckversand in Rechnung gestellt.<\/p>\n\n\n\n<h4 class=\"wp-block-heading\">\u00a7 6 Erf\u00fcllungsort und Gerichtsstand<\/h4>\n\n\n\n<p>Erf\u00fcllungsort f\u00fcr beide Vertragspartner ist ausschlie\u00dflich Berlin. Das Vertragsverh\u00e4ltnis unterliegt f\u00fcr beide Teile ausschlie\u00dflich deutschem Recht.<\/p>\n\n\n\n<h4 class=\"wp-block-heading\">\u00a7 7 Teilunwirksamkeit<\/h4>\n\n\n\n<p>Im Falle der Unwirksamkeit einzelner Klauseln dieser Gesch\u00e4ftsbedingungen bleibt die Wirksamkeit der \u00fcbrigen Vertragsbedingungen unber\u00fchrt.<\/p>\n","protected":false},"excerpt":{"rendered":"<p>\u00a7 1 Geltung Die Leistungen die Firma DOCU-LEGAL erfolgen nur zu den [&hellip;]<\/p>\n","protected":false},"author":1,"featured_media":0,"parent":0,"menu_order":0,"comment_status":"closed","ping_status":"closed","template":"","meta":{"footnotes":""},"class_list":["post-1594","page","type-page","status-publish","hentry"],"yoast_head":"<!-- This site is optimized with the Yoast SEO plugin v25.6 - https:\/\/yoast.com\/wordpress\/plugins\/seo\/ -->\n<title>Allgemeine Gesch\u00e4ftsbedingungen - Doculegal \u2013 Legalisierung &amp; Apostille f\u00fcr internationale Dokumente<\/title>\n<meta name=\"robots\" content=\"index, follow, max-snippet:-1, max-image-preview:large, max-video-preview:-1\" \/>\n<link rel=\"canonical\" href=\"https:\/\/docu-legal.de\/index.php\/allgemeine-geschaeftsbedingungen\/\" \/>\n<meta property=\"og:locale\" content=\"de_DE\" \/>\n<meta property=\"og:type\" content=\"article\" \/>\n<meta property=\"og:title\" content=\"Allgemeine Gesch\u00e4ftsbedingungen - Doculegal \u2013 Legalisierung &amp; Apostille f\u00fcr internationale Dokumente\" \/>\n<meta property=\"og:description\" content=\"\u00a7 1 Geltung Die Leistungen die Firma DOCU-LEGAL erfolgen nur zu den [&hellip;]\" \/>\n<meta property=\"og:url\" content=\"https:\/\/docu-legal.de\/index.php\/allgemeine-geschaeftsbedingungen\/\" \/>\n<meta property=\"og:site_name\" content=\"Doculegal \u2013 Legalisierung &amp; Apostille f\u00fcr internationale Dokumente\" \/>\n<meta property=\"article:modified_time\" content=\"2023-06-04T23:39:07+00:00\" \/>\n<meta name=\"twitter:card\" content=\"summary_large_image\" \/>\n<meta name=\"twitter:label1\" content=\"Gesch\u00e4tzte Lesezeit\" \/>\n\t<meta name=\"twitter:data1\" content=\"3\u00a0Minuten\" \/>\n<script type=\"application\/ld+json\" class=\"yoast-schema-graph\">{\"@context\":\"https:\/\/schema.org\",\"@graph\":[{\"@type\":\"WebPage\",\"@id\":\"https:\/\/docu-legal.de\/index.php\/allgemeine-geschaeftsbedingungen\/\",\"url\":\"https:\/\/docu-legal.de\/index.php\/allgemeine-geschaeftsbedingungen\/\",\"name\":\"Allgemeine Gesch\u00e4ftsbedingungen - Doculegal \u2013 Legalisierung &amp; Apostille f\u00fcr internationale Dokumente\",\"isPartOf\":{\"@id\":\"https:\/\/docu-legal.de\/#website\"},\"datePublished\":\"2023-06-04T23:39:06+00:00\",\"dateModified\":\"2023-06-04T23:39:07+00:00\",\"breadcrumb\":{\"@id\":\"https:\/\/docu-legal.de\/index.php\/allgemeine-geschaeftsbedingungen\/#breadcrumb\"},\"inLanguage\":\"de\",\"potentialAction\":[{\"@type\":\"ReadAction\",\"target\":[\"https:\/\/docu-legal.de\/index.php\/allgemeine-geschaeftsbedingungen\/\"]}]},{\"@type\":\"BreadcrumbList\",\"@id\":\"https:\/\/docu-legal.de\/index.php\/allgemeine-geschaeftsbedingungen\/#breadcrumb\",\"itemListElement\":[{\"@type\":\"ListItem\",\"position\":1,\"name\":\"Startseite\",\"item\":\"https:\/\/docu-legal.de\/\"},{\"@type\":\"ListItem\",\"position\":2,\"name\":\"Allgemeine Gesch\u00e4ftsbedingungen\"}]},{\"@type\":\"WebSite\",\"@id\":\"https:\/\/docu-legal.de\/#website\",\"url\":\"https:\/\/docu-legal.de\/\",\"name\":\"Doculegal \u2013 Legalisierung & Apostille f\u00fcr internationale Dokumente\",\"description\":\"\",\"publisher\":{\"@id\":\"https:\/\/docu-legal.de\/#organization\"},\"alternateName\":\"Doculegal\",\"potentialAction\":[{\"@type\":\"SearchAction\",\"target\":{\"@type\":\"EntryPoint\",\"urlTemplate\":\"https:\/\/docu-legal.de\/?s={search_term_string}\"},\"query-input\":{\"@type\":\"PropertyValueSpecification\",\"valueRequired\":true,\"valueName\":\"search_term_string\"}}],\"inLanguage\":\"de\"},{\"@type\":\"Organization\",\"@id\":\"https:\/\/docu-legal.de\/#organization\",\"name\":\"Doculegal \u2013 Legalisierung & Apostille f\u00fcr internationale Dokumente\",\"url\":\"https:\/\/docu-legal.de\/\",\"logo\":{\"@type\":\"ImageObject\",\"inLanguage\":\"de\",\"@id\":\"https:\/\/docu-legal.de\/#\/schema\/logo\/image\/\",\"url\":\"https:\/\/docu-legal.de\/wp-content\/uploads\/2025\/08\/worlwidelogooo.png\",\"contentUrl\":\"https:\/\/docu-legal.de\/wp-content\/uploads\/2025\/08\/worlwidelogooo.png\",\"width\":1074,\"height\":664,\"caption\":\"Doculegal \u2013 Legalisierung & Apostille f\u00fcr internationale Dokumente\"},\"image\":{\"@id\":\"https:\/\/docu-legal.de\/#\/schema\/logo\/image\/\"}}]}<\/script>\n<!-- \/ Yoast SEO plugin. -->","yoast_head_json":{"title":"Allgemeine Gesch\u00e4ftsbedingungen - Doculegal \u2013 Legalisierung &amp; Apostille f\u00fcr internationale Dokumente","robots":{"index":"index","follow":"follow","max-snippet":"max-snippet:-1","max-image-preview":"max-image-preview:large","max-video-preview":"max-video-preview:-1"},"canonical":"https:\/\/docu-legal.de\/index.php\/allgemeine-geschaeftsbedingungen\/","og_locale":"de_DE","og_type":"article","og_title":"Allgemeine Gesch\u00e4ftsbedingungen - Doculegal \u2013 Legalisierung &amp; Apostille f\u00fcr internationale Dokumente","og_description":"\u00a7 1 Geltung Die Leistungen die Firma DOCU-LEGAL erfolgen nur zu den [&hellip;]","og_url":"https:\/\/docu-legal.de\/index.php\/allgemeine-geschaeftsbedingungen\/","og_site_name":"Doculegal \u2013 Legalisierung &amp; Apostille f\u00fcr internationale Dokumente","article_modified_time":"2023-06-04T23:39:07+00:00","twitter_card":"summary_large_image","twitter_misc":{"Gesch\u00e4tzte Lesezeit":"3\u00a0Minuten"},"schema":{"@context":"https:\/\/schema.org","@graph":[{"@type":"WebPage","@id":"https:\/\/docu-legal.de\/index.php\/allgemeine-geschaeftsbedingungen\/","url":"https:\/\/docu-legal.de\/index.php\/allgemeine-geschaeftsbedingungen\/","name":"Allgemeine Gesch\u00e4ftsbedingungen - Doculegal \u2013 Legalisierung &amp; Apostille f\u00fcr internationale Dokumente","isPartOf":{"@id":"https:\/\/docu-legal.de\/#website"},"datePublished":"2023-06-04T23:39:06+00:00","dateModified":"2023-06-04T23:39:07+00:00","breadcrumb":{"@id":"https:\/\/docu-legal.de\/index.php\/allgemeine-geschaeftsbedingungen\/#breadcrumb"},"inLanguage":"de","potentialAction":[{"@type":"ReadAction","target":["https:\/\/docu-legal.de\/index.php\/allgemeine-geschaeftsbedingungen\/"]}]},{"@type":"BreadcrumbList","@id":"https:\/\/docu-legal.de\/index.php\/allgemeine-geschaeftsbedingungen\/#breadcrumb","itemListElement":[{"@type":"ListItem","position":1,"name":"Startseite","item":"https:\/\/docu-legal.de\/"},{"@type":"ListItem","position":2,"name":"Allgemeine Gesch\u00e4ftsbedingungen"}]},{"@type":"WebSite","@id":"https:\/\/docu-legal.de\/#website","url":"https:\/\/docu-legal.de\/","name":"Doculegal \u2013 Legalisierung & Apostille f\u00fcr internationale Dokumente","description":"","publisher":{"@id":"https:\/\/docu-legal.de\/#organization"},"alternateName":"Doculegal","potentialAction":[{"@type":"SearchAction","target":{"@type":"EntryPoint","urlTemplate":"https:\/\/docu-legal.de\/?s={search_term_string}"},"query-input":{"@type":"PropertyValueSpecification","valueRequired":true,"valueName":"search_term_string"}}],"inLanguage":"de"},{"@type":"Organization","@id":"https:\/\/docu-legal.de\/#organization","name":"Doculegal \u2013 Legalisierung & Apostille f\u00fcr internationale Dokumente","url":"https:\/\/docu-legal.de\/","logo":{"@type":"ImageObject","inLanguage":"de","@id":"https:\/\/docu-legal.de\/#\/schema\/logo\/image\/","url":"https:\/\/docu-legal.de\/wp-content\/uploads\/2025\/08\/worlwidelogooo.png","contentUrl":"https:\/\/docu-legal.de\/wp-content\/uploads\/2025\/08\/worlwidelogooo.png","width":1074,"height":664,"caption":"Doculegal \u2013 Legalisierung & Apostille f\u00fcr internationale Dokumente"},"image":{"@id":"https:\/\/docu-legal.de\/#\/schema\/logo\/image\/"}}]}},"_links":{"self":[{"href":"https:\/\/docu-legal.de\/index.php\/wp-json\/wp\/v2\/pages\/1594","targetHints":{"allow":["GET"]}}],"collection":[{"href":"https:\/\/docu-legal.de\/index.php\/wp-json\/wp\/v2\/pages"}],"about":[{"href":"https:\/\/docu-legal.de\/index.php\/wp-json\/wp\/v2\/types\/page"}],"author":[{"embeddable":true,"href":"https:\/\/docu-legal.de\/index.php\/wp-json\/wp\/v2\/users\/1"}],"replies":[{"embeddable":true,"href":"https:\/\/docu-legal.de\/index.php\/wp-json\/wp\/v2\/comments?post=1594"}],"version-history":[{"count":1,"href":"https:\/\/docu-legal.de\/index.php\/wp-json\/wp\/v2\/pages\/1594\/revisions"}],"predecessor-version":[{"id":1595,"href":"https:\/\/docu-legal.de\/index.php\/wp-json\/wp\/v2\/pages\/1594\/revisions\/1595"}],"wp:attachment":[{"href":"https:\/\/docu-legal.de\/index.php\/wp-json\/wp\/v2\/media?parent=1594"}],"curies":[{"name":"wp","href":"https:\/\/api.w.org\/{rel}","templated":true}]}}